342 = 0. What is the remainder when 212/(-3)*(-51)/272*8 is divided by h?
30
Suppose 7*d + 179 = 942. What is the remainder when 5119 is divided by d?
105
Let j(a) = -a**3 - 5*a**2 + 6*a + 2. Let b be j(-6). Let m be 2 + b - (-14 - -15). Calculate the remainder when 21 is divided by 11 - 0/(m + -2).
10
Suppose 0 = 16*g - 13*g - 27. Let v(b) = -b**3 + 9*b**2 + 10*b + 20. Suppose -7*m = -54 - 205. Calculate the remainder when v(g) is divided by m.
36
Let w(a) = -a**2 - 32*a - 141. What is the remainder when 118 is divided by w(-14)?
7
Let k = 47 - 43. Suppose -n = -a + 4*n - 13, 3*n = -k*a + 63. What is the remainder when 71 is divided by a?
11
Suppose -23*z + 3*z = -41*z + 7371. Calculate the remainder when z is divided by 51.
45
Let g(r) = r**3 - r. Let v(x) = 7*x**2 - 10*x + 25. Let t(u) = -g(u) + v(u). Let c = 4 - 2. What is the remainder when t(6) is divided by c?
1
Let l(m) = -11*m + 46. Calculate the remainder when 24 is divided by l(4).
0
Let g be (-2 - -30)*28/56. Suppose -360 = -g*c - 4*c. Calculate the remainder when 59 is divided by c.
19
Suppose 2*p - 8*s = -4*s + 156, -8 = 2*s. Let d = 87 - 151. Let t = d - -76. What is the remainder when p is divided by t?
10
Suppose -2*d + 3 = -d, 2*b - 2*d = 2228. What is the remainder when b is divided by 14?
11
Let t(o) = 195*o + 8. Let d be t(2). Let r = -4 - -7. Suppose -268 - d = -r*h. Calculate the remainder when h is divided by 14.
12
Let x = 3018 - 2773. Calculate the remainder when x is divided by 19.
17
What is the remainder when (-40)/(-12) - (12656/(-3) - -6) is divided by 111?
109
Suppose -42*p + 37*p + 355 = 0. Suppose 5*o - a - p = -5*a, -4*o + 40 = -a. What is the remainder when 37 is divided by o?
4
Let p(r) = r**2 - 2*r - 52. Let z be 6/(-21) + 486/(-63). Calculate the remainder when p(z) is divided by 20.
8
Let t = 402 + -406. Let c(f) = -15*f - 58. Calculate the remainder when 11 is divided by c(t).
1
Suppose -3*a - 2*a + 95 = 0. Let v be (1 + -3)*2 + a. Suppose 11*s = v*s - 20. Calculate the remainder when 22 is divided by s.
2
Let s(n) = -8*n**2 + 58*n - 3. Let m be s(5). Suppose -l + 585 = 5*q, q - 24 - m = l. Calculate the remainder when q is divided by 60.
56
Let j(n) = 5*n**3 + 14*n**2 + 25*n + 15. Let s(x) = 2*x**3 + 7*x**2 + 12*x + 7. Let p(r) = 3*j(r) - 7*s(r). What is the remainder when p(10) is divided by 43?
34
Suppose 0 = -172*v + 29*v - v + 10080. What is the remainder when 2573 is divided by v?
53
Let o(i) = i**3 + 21*i**2 + 4*i + 5. Let x be o(-18). Suppose 311 = -27*w + x. What is the remainder when 33 is divided by w?
11
Suppose -601 = 7*s - 4*s - 4*p, -4*s + 4*p - 804 = 0. Let o = s - -579. Calculate the remainder when o is divided by 14.
12
Suppose 5*s = 0, -2*s = a - 3*s - 1263 - 210. Calculate the remainder when a is divided by 67.
66
Let o(a) = a - 9. Let q be o(9). Suppose 5*c - 6 = 3*j - 0, q = -3*c + 3*j. Suppose -18 + 81 = c*t. What is the remainder when 60 is divided by t?
18
Suppose -5*f - 2*h - 454 = 0, -f + 5*f + 362 = -h. Let m = f - -272. Let p = -68640 + 68677. What is the remainder when m is divided by p?
34
Let q(y) = y**2 + y - 5. Suppose 0 = s - r + 231 - 310, -3*r + 12 = 0. Calculate the remainder when s is divided by q(5).
8
Suppose 2*i - 203 - 167 = -4*h, -3*i = -5*h + 468. Calculate the remainder when 57 is divided by (3 + -2)/(3/h).
26
Suppose 5*d = 3*x + 415, -2*d - x = -d - 75. Let l = d + -71. What is the remainder when 42 is divided by l?
6
Let w be (162/18)/(-3*1/(-2)). Let f be 335 + 3*2/w. Suppose -k - f = -7*k. Calculate the remainder when k is divided by 20.
16
Suppose 6272 = 102*r + 27*r - 31*r. Calculate the remainder when 166 is divided by r.
38
Suppose 72 = -12*z, -5*y = -12*z + 10*z - 44097. Calculate the remainder when y is divided by 60.
57
Let b(n) = -1743*n - 342. Calculate the remainder when b(-2) is divided by 85.
84
Let x(n) = -n**2 + 33*n + 28. Let i be x(21). Let b = i + -234. What is the remainder when b is divided by 8?
6
Suppose 46*d = 53*d + 427. Let c = 89 - 163. Let r = d - c. Calculate the remainder when r is divided by 5.
3
Let r(a) = a**3 - 11*a**2 - 232*a + 24. Calculate the remainder when r(22) is divided by 15.
4
Suppose 11*o - 220 - 220 = 0. Let q = 50 + -46. Suppose 4*u + 3 = -i, 0*i - q*i + o = 3*u. Calculate the remainder when 48 is divided by i.
9
Let x be ((-1438)/6)/((-3)/9). Let z = -327 + x. Suppose -z = -10*v - 4*v. Calculate the remainder when 80 is divided by v.
24
Suppose 0*x + 3*x - 141 = 2*j, -j = -2*x + 93. Let a = x - 15. Calculate the remainder when 17 is divided by (14/(-35))/((-3)/a).
1
Let c(w) = -12*w - 12. Let u be 2*(-2 - 4/(-8)). What is the remainder when c(u) is divided by 9?
6
Let w = 348 - 166. Calculate the remainder when (w/(-8) + 0)*(-5 + 1) is divided by 19.
15
Suppose f - 5*f = 0. Suppose f = -2*m - 0*m + 36. Let b(d) = -d**2 - 40*d + 388. What is the remainder when m is divided by b(-48)?
2
Let g = -2006 - -3219. Calculate the remainder when g is divided by 205.
188
Let u(q) = 3*q - 3. Let a = 143 + -139. Calculate the remainder when u(3) is divided by 1 - (-4 - (a - 7))*1.
0
Let d = 23 + -3. Let x = 44 - d. Suppose 49*o = 1151 + 2328. Calculate the remainder when o is divided by x.
23
Let y(j) be the third derivative of j**4/12 - 8*j**3 + 9*j**2. Let g be y(20). Let a(i) = -9*i + 3. What is the remainder when a(g) is divided by 21?
12
Suppose -2*z + 4*v - 3*v = -757, 383 = z - 5*v. Calculate the remainder when z is divided by 1/(((-74)/333)/((-134)/18 - 1)).
36
Let n(t) = -t**3 + 57*t**2 + 242*t + 183. Suppose 0 = l - 19 - 2. What is the remainder when n(61) is divided by l?
19
Suppose -26*r = 2*j - 28*r - 1896, 5*r = 3*j - 2854. What is the remainder when 1901 is divided by j?
15
Suppose 19*f + 28*f = 3807. Suppose -2*y + 0*m - 5*m + 145 = 0, 0 = m + 1. Let h = y + -53. What is the remainder when f is divided by h?
15
Suppose 2*b - 7*b - 29 = -2*i, -5*i + b + 84 = 0. Let q = -9469 + 9737. What is the remainder when q is divided by i?
13
Suppose -4*y + 23*y = y + 306. Let t be (-6)/12*8/2. Calculate the remainder when (33/t)/(5/(-10)) is divided by y.
16
Suppose -69 = -2*s + 5*w + 919, 0 = 4*s + 3*w - 2054. Calculate the remainder when s is divided by 20.
9
Calculate the remainder when 1175 is divided by ((-35)/(-15)*-2)/(2/(-24)).
55
Suppose -205*k + 103*k + 3162 = 0. What is the remainder when 122 is divided by k?
29
What is the remainder when (3 + -2 + -3)/((-12 + 11)/1957) is divided by 29?
28
Suppose 2 - 63 = -c. Let i = c - 176. Let f = -82 - i. Calculate the remainder when f is divided by 22.
11
Let o be (-1 - -5) + (-94)/47. Suppose 5*v - 671 = -o*y + 275, 4*v + 8 = 0. What is the remainder when y is divided by 20?
18
Let c(i) = -i + 28. Let n be c(0). Let g = n + -17. What is the remainder when ((-15)/6 + (-42)/(-28))*-31 is divided by g?
9
Suppose 559*c - 285*c = 241*c + 6534. What is the remainder when 1575 is divided by c?
189
Let l be (9/(-45) + 2)/(2/40). What is the remainder when 1*2565/l + (-1)/4 is divided by 16?
7
Let l = -11100 - -11282. Calculate the remainder when 1671 is divided by l.
33
Suppose 5*o = 35, -3*s + 40*o = 45*o - 95. What is the remainder when 7977 is divided by s?
17
Calculate the remainder when 1032 is divided by (11 - (-1507)/55)/(9/240).
8
Calculate the remainder when (-1465277)/(-403) - -2*2/52 is divided by 5.
1
Let h(a) = -a - a**3 + 6*a - 3*a + 3. Let x be 3/(-9)*8 + 23/((-69)/(-2)). What is the remainder when 20 is divided by h(x)?
6
Suppose 6*t = t - 5*d + 1185, -464 = -2*t + 3*d. Suppose k - i - 41 = 22, 123 = 2*k - i. What is the remainder when t is divided by k?
55
Suppose -14*d - 15*d + 1696 = 3*d. What is the remainder when 120 is divided by d?
14
Suppose -m - 2*c + 78 = -80, -5*m + 803 = -3*c. Calculate the remainder when 336 is divided by m.
16
Let j(b) = 186*b + 499. What is the remainder when j(3) is divided by 120?
97
Suppose -7630 - 4931 = -169*o - 3266. What is the remainder when 489 is divided by o?
49
Suppose 0 = 9*o - 3*o - 468. Let w = 576 - 277. Suppose -22*p + w = -9. What is the remainder when o is divided by p?
8
Let g(k) = 49*k**3 - 5*k**2 - 2*k + 6. Let j be g(2). Suppose 0 = 2*o - 4*h - j, -129 - 62 = -o - 2*h. Calculate the remainder when o is divided by 10.
9
Let u(b) = 190*b - 4158. Calcu